1353029?
False
Is 6 a factor of 490205?
False
Does 480 divide 878794?
False
Does 126 divide 140913?
False
Is 151 a factor of 52377?
False
Does 44 divide 6886487?
False
Is 50 a factor of 1804221?
False
Does 37 divide 1360006?
False
Does 9 divide 36279?
True
Does 7 divide 12061648?
False
Does 10 divide 9823440?
True
Does 26 divide 925957?
False
Is 3556053 a multiple of 829?
False
Does 423 divide 1764274?
False
Is 32 a factor of 515584?
True
Does 49 divide 32683?
True
Does 6 divide 45371?
False
Is 10705531 a multiple of 264?
False
Is 185 a factor of 1089465?
True
Is 180516 a multiple of 84?
True
Is 371 a factor of 6993889?
False
Is 7 a factor of 491591?
False
Is 35660461 a multiple of 16?
False
Is 40 a factor of 1014507?
False
Is 1043 a factor of 4288926?
False
Does 96 divide 274240?
False
Is 660884 a multiple of 263?
False
Does 146 divide 3008624?
False
Is 388850 a multiple of 385?
True
Is 81541 a multiple of 13?
False
Is 82873 even?
False
Does 513 divide 8010141?
False
Is 5 a factor of 292421?
False
Is 4347846 a multiple of 114?
True
Is 3285948 a multiple of 268?
True
Does 13 divide 900180?
False
Does 37 divide 246287?
False
Is 1816836 a multiple of 28?
True
Is 10210979 a multiple of 1105?
False
Is 1834755 a multiple of 2339?
False
Is 344076 a multiple of 24?
False
Is 1091808 a multiple of 24?
True
Is 453501 a multiple of 16?
False
Is 6 a factor of 2807928?
True
Is 10 a factor of 161130?
True
Is 79 a factor of 1018312?
False
Does 28 divide 10034?
False
Does 29 divide 1219334?
True
Is 16 a factor of 4878195?
False
Does 68 divide 2041904?
True
Is 46 a factor of 906890?
True
Does 273 divide 4572049?
False
Is 73 a factor of 165991?
False
Is 172789 a multiple of 8?
False
Does 12 divide 507816?
True
Is 2349860 a multiple of 9?
False
Is 25408 a multiple of 56?
False
Does 2 divide 20508?
True
Does 203 divide 20480264?
True
Does 254 divide 3213100?
True
Does 172 divide 12701168?
True
Does 155 divide 193130?
True
Does 2 divide 3611?
False
Is 104137 a multiple of 11?
True
Is 9690 a multiple of 6?
True
Is 214 a factor of 264718?
True
Is 1381006 a multiple of 11?
True
Is 1631019 a multiple of 169?
True
Does 330 divide 6411763?
False
Is 3 a factor of 91742?
False
Is 23466 a multiple of 9?
False
Does 395 divide 35718?
False
Is 6365450 a multiple of 14?
True
Is 5565 a multiple of 5?
True
Is 25 a factor of 77225?
True
Does 17 divide 253114?
False
Is 381 a factor of 2415357?
False
Does 5 divide 584745?
True
Is 3 a factor of 177717?
True
Is 19062 a multiple of 8?
False
Does 7 divide 680267?
True
Is 6307469 a multiple of 256?
False
Does 845 divide 1050046?
False
Is 466557 a multiple of 24?
False
Is 68 a factor of 274630?
False
Is 932610 a multiple of 1237?
False
Does 33 divide 11498157?
True
Is 543 a factor of 491415?
True
Does 324 divide 10731058?
False
Is 157410 a multiple of 14?
False
Is 28 a factor of 328776?
True
Is 133 a factor of 549179?
False
Is 61 a factor of 479948?
True
Does 559 divide 6896755?
False
Is 180 a factor of 4068364?
False
Is 6 a factor of 4436532?
True
Is 21 a factor of 145942?
False
Is 78 a factor of 567252?
False
Does 57 divide 87381?
True
Does 12 divide 762960?
True
Does 88 divide 305272?
True
Is 118 a factor of 7201011?
False
Is 23 a factor of 512808?
True
Is 56308 a multiple of 33?
False
Is 7923534 a multiple of 194?
False
Is 22 a factor of 277222?
True
Is 19 a factor of 8358233?
True
Does 265 divide 3688655?
False
Does 7 divide 96852?
True
Is 115007 a multiple of 358?
False
Does 84 divide 94164?
True
Does 22 divide 103250?
False
Does 4 divide 57116?
True
Does 280 divide 1595690?
False
Does 7 divide 367024?
True
Is 1882129 a multiple of 256?
False
Is 210 a factor of 3995470?
False
Is 387278 a multiple of 166?
True
Does 1196 divide 6349292?
False
Does 1321 divide 3206680?
False
Is 188669 a multiple of 23?
True
Is 4929075 a multiple of 19?
True
Is 16 a factor of 90230?
False
Does 13 divide 7943410?
False
Is 37800 a multiple of 300?
True
Is 75 a factor of 150825?
True
Does 505 divide 618120?
True
Is 9830680 a multiple of 1790?
True
Is 519253 a multiple of 16?
False
Is 17 a factor of 5479847?
False
Does 8 divide 4784688?
True
Does 4 divide 1890994?
False
Does 17 divide 814160?
False
Does 289 divide 296225?
True
Is 631 a factor of 8492629?
True
Does 12 divide 762273?
False
Is 151 a factor of 26425?
True
Is 3970 a multiple of 13?
False
Is 481075 a multiple of 48?
False
Does 150 divide 959119?
False
Is 15 a factor of 186491?
False
Is 42776 a multiple of 19?
False
Is 10 a factor of 3248921?
False
Does 3 divide 55708?
False
Is 23 a factor of 53102?
False
Does 4 divide 15868?
True
Is 3 a factor of 53659?
False
Is 1486 a factor of 2106283?
False
Is 9123042 a multiple of 42?
False
Is 193102 a multiple of 14?
True
Does 5 divide 83732?
False
Is 13 a factor of 1408095?
True
Does 5 divide 15110?
True
Is 2552 a multiple of 116?
True
Does 1449 divide 2012661?
True
Is 10110800 a multiple of 368?
True
Is 543812 a multiple of 222?
False
Is 6 a factor of 135858?
True
Is 5359595 a multiple of 4?
False
Is 5600004 a multiple of 48?
False
Is 14 a factor of 771498?
True
Does 10 divide 355190?
True
Does 13 divide 1500447?
True
Is 273181 a multiple of 62?
False
Is 1436180 a multiple of 10?
True
Does 87 divide 711741?
False
Is 10155 a multiple of 4?
False
Is 7 a factor of 566167?
True
Is 33920 a multiple of 530?
True
Is 46 a factor of 1513124?
True
Is 44 a factor of 105864?
True
Is 73374 a multiple of 14?
True
Does 76 divide 14618?
False
Is 396 a factor of 20102413?
False
Does 3 divide 7582?
False
Is 31 a factor of 13091822?
False
Does 127 divide 754888?
True
Does 346 divide 180612?
True
Does 160 divide 137760?
True
Does 33 divide 256740?
True
Does 6 divide 721340?
False
Is 181344 a multiple of 49?
False
Is 562 a factor of 5828436?
False
Is 14574252 a multiple of 44?
True
Is 940048 a multiple of 164?
True
Is 12997701 a multiple of 22?
False
Does 13 divide 2172448?
False
Does 228 divide 287280?
True
Is 1315 a factor of 4689290?
True
Does 265 divide 709852?
False
Is 9190985 a multiple of 37?
True
Is 27 a factor of 191206?
False
Is 4 a factor of 559247?
False
Does 74 divide 4825540?
True
Does 234 divide 2233023?
False
Is 125 a factor of 2320500?
True
Does 116 divide 69252?
True
Does 5 divide 1574673?
False
Does 50 divide 866984?
False
Does 382 divide 3634873?
False
Is 77087 a multiple of 157?
True
Does 16 divide 54288?
True
Is 580 a factor of 160660?
True
Is 8204916 a multiple of 295?
False
Is 447 a factor of 1189914?
True
Does 17 divide 164679?
True
Is 3275531 a multiple of 287?
True
Is 87 a factor of 10228851?
True
Is 255 a factor of 232253?
False
Is 28380 a multiple of 30?
True
Is 9848148 a multiple of 10?
False
Is 160707 a multiple of 125?
False
Does 11 divide 2525358?
True
Does 27 divide 233944?
False
Is 92 a factor of 70012?
True
Is 1123679 a multiple of 5?
False
Is 19 a factor of 3344011?
False
Does 456 divide 636538?
False
Is 385294 a multiple of 29?
True
Does 5 divide 54592?
False
Does 229 divide 612804?
True
Does 7 divide 9967114?
False
Does 108 divide 109822?
False
Is 168784 a multiple of 137?
True
Is 54 a factor of 590976?
True
Does 100 divide 4100?
True
Does 62 divide 13254732?
True
Is 3766426 a multiple of 16?
False
Does 19 divide 190299?
False
Is 38 a factor of 88356?
False
Is 31 a factor of 3177128?
True
Is 2221362 a multiple of 234?
True
Is 783200 a multiple of 440?
True
Is 2494260 a multiple of 1674?
True
Does 312 divide 2631720?
True
Does 22 divide 10230?
True
Does 126 divide 6199?
False
Does 283 divide 864565?
True
Does 25 divide 21044675?
True
Is 571 a factor of 16636861?
False
Does 26 divide 359488?
False
Is 1596 a factor of 8677452?
True
Is 72789 a multiple of 479?
False
Is 92227 a multiple of 18?
False
Does 8 divide 2942080?
True
Does 96 divide 741600?
True
Is 12053092 a multiple of 1852?
False
Is 489662 a multiple of 206?
True
Does 5 divide 612490?
True
Does 4 divide 208510?
False
Is 173744 a multiple of 7?
False
Is 32 a factor of 15511232?
True
Does 15 divide 6530325?
True
Does 40 divide 1359200?
True
Does 50 divide 1181900?
True
Is 115600 a multiple of 200?
True
Does 100 divide 1511886?
False
Is 131976 a multiple of 9?
True
Does 2 divide 3305973?
False
Is 66 a factor of 499162?
False
Is 35 a factor of 122325?
True
Is 2542857 a multiple o